{"id":108,"date":"2021-03-09T13:53:45","date_gmt":"2021-03-09T12:53:45","guid":{"rendered":"https:\/\/www.adlervia.com\/?page_id=108"},"modified":"2024-04-17T01:33:51","modified_gmt":"2024-04-16T23:33:51","slug":"socialne-siete","status":"publish","type":"page","link":"https:\/\/www.adlervia.com\/index.php\/socialne-siete\/","title":{"rendered":"Socials"},"content":{"rendered":"\t\t<div data-elementor-type=\"wp-page\" data-elementor-id=\"108\" class=\"elementor elementor-108\" data-elementor-settings=\"[]\">\n\t\t\t\t\t\t\t<div class=\"elementor-section-wrap\">\n\t\t\t\t\t\t\t<section class=\"elementor-section elementor-top-section elementor-element elementor-element-f2713f3 elementor-section-boxed elementor-section-height-default elementor-section-height-default\" data-id=\"f2713f3\" data-element_type=\"section\">\n\t\t\t\t\t\t<div class=\"elementor-container elementor-column-gap-default\">\n\t\t\t\t\t<div class=\"elementor-column elementor-col-100 elementor-top-column elementor-element elementor-element-b1f991e\" data-id=\"b1f991e\" data-element_type=\"column\">\n\t\t\t<div class=\"elementor-widget-wrap elementor-element-populated\">\n\t\t\t\t\t\t\t\t<div class=\"elementor-element elementor-element-d524846 elementor-widget elementor-widget-envolve_our_work_process_v2\" data-id=\"d524846\" data-element_type=\"widget\" data-widget_type=\"envolve_our_work_process_v2.default\">\n\t\t\t\t<div class=\"elementor-widget-container\">\n\t\t\t        <!-- Work Process Two -->\r\n        <section class=\"process-section-two\">\r\n            <div class=\"auto-container\">\r\n                <div class=\"sec-title style-two text-center\">\r\n                    <h4><span class=\"flaticon-endless\"><\/span><\/h4>\r\n                    <h2>POTREBUJETE VYNIKN\u00da\u0164 V ONLINE PRIESTORE?<\/h2>\r\n                    <div class=\"text\">Nechajte n\u00e1s rozpoveda\u0165 v\u00e1\u0161 pr\u00edbeh na soci\u00e1lnych sie\u0165ach. Vytvor\u00edme pre v\u00e1s obsah, ktor\u00fd nebude otravnou reklamou, ale emocion\u00e1lnym magnetom. <\/div>\r\n                <\/div>\r\n                <div class=\"process-wrapper\">\r\n                    <div class=\"row\">\r\n                                                <div class=\"col-lg-3 col-md-6 process-block-two\">\r\n                            <div class=\"inner-box\">\r\n                                <h4>Soci\u00e1lne siete<\/h4>\r\n                                <p>inou formou<\/p>\r\n                                <div class=\"icon\"><i class=\"fa fa-link\"><\/i><span class=\"step-count\">01<\/span><\/div>\r\n                                <div class=\"text\">Instagram, Facebook, TikTok, \u010di LinkedIn. Pr\u00edbehov\u00e9 posty od n\u00e1s maj\u00fa vysok\u00fa zapojenos\u0165 publika.<\/div>\r\n                            <\/div>\r\n                        <\/div>\r\n                                                <div class=\"col-lg-3 col-md-6 process-block-two\">\r\n                            <div class=\"inner-box\">\r\n                                <h4>Obsahov\u00fd marketing<\/h4>\r\n                                <p>v r\u00f4znych form\u00e1toch<\/p>\r\n                                <div class=\"icon\"><i class=\"fa fa-video\"><\/i><span class=\"step-count\">02<\/span><\/div>\r\n                                <div class=\"text\">Texty, grafika, vide\u00e1, alebo v\u0161etko spolu? Pr\u00edbehy sa daj\u00fa rozpr\u00e1va\u0165 v r\u00f4znych podob\u00e1ch, vieme mnoh\u00e9.<\/div>\r\n                            <\/div>\r\n                        <\/div>\r\n                                                <div class=\"col-lg-3 col-md-6 process-block-two\">\r\n                            <div class=\"inner-box\">\r\n                                <h4>Storytelling na mieru<\/h4>\r\n                                <p>autenticky a pr\u00ed\u0165a\u017elivo<\/p>\r\n                                <div class=\"icon\"><i class=\"fa fa-pen-fancy\"><\/i><span class=\"step-count\">03<\/span><\/div>\r\n                                <div class=\"text\">Robi\u0165 tvrd\u00fd hardsale a rozpr\u00e1va\u0165 pr\u00edbeh, ktor\u00fd pred\u00e1va s\u00e1m, je rozdiel. Spoznajte ho s nami.<\/div>\r\n                            <\/div>\r\n                        <\/div>\r\n                                                <div class=\"col-lg-3 col-md-6 process-block-two\">\r\n                            <div class=\"inner-box\">\r\n                                <h4>Referencie od klientov<\/h4>\r\n                                <p>so skuto\u010dn\u00fdmi v\u00fdsledkami<\/p>\r\n                                <div class=\"icon\"><i class=\"fa fa-users\"><\/i><span class=\"step-count\">04<\/span><\/div>\r\n                                <div class=\"text\">Rozpr\u00e1vame online pr\u00edbehy pre mal\u00e9 firmy aj klientov s mili\u00f3nov\u00fdmi obratmi. Radi v\u00e1m ich uk\u00e1\u017eeme.<\/div>\r\n                            <\/div>\r\n                        <\/div>\r\n                                            <\/div>\r\n                <\/div>                \r\n            <\/div>\r\n        <\/section>\r\n        \r\n\t\t\t\t<\/div>\n\t\t\t\t<\/div>\n\t\t\t\t\t<\/div>\n\t\t<\/div>\n\t\t\t\t\t\t\t<\/div>\n\t\t<\/section>\n\t\t\t\t<section class=\"elementor-section elementor-top-section elementor-element elementor-element-489c5e5 elementor-section-boxed elementor-section-height-default elementor-section-height-default\" data-id=\"489c5e5\" data-element_type=\"section\">\n\t\t\t\t\t\t<div class=\"elementor-container elementor-column-gap-default\">\n\t\t\t\t\t<div class=\"elementor-column elementor-col-100 elementor-top-column elementor-element elementor-element-6cb7cb1\" data-id=\"6cb7cb1\" data-element_type=\"column\">\n\t\t\t<div class=\"elementor-widget-wrap elementor-element-populated\">\n\t\t\t\t\t\t\t\t<div class=\"elementor-element elementor-element-7409562 elementor-widget elementor-widget-envolve_our_history\" data-id=\"7409562\" data-element_type=\"widget\" data-widget_type=\"envolve_our_history.default\">\n\t\t\t\t<div class=\"elementor-widget-container\">\n\t\t\t        \r\n        <!-- Timeline Section -->\r\n        <section class=\"timeline-section\">\r\n            <div class=\"sec-bg\" style=\"background-image: url(https:\/\/www.adlervia.com\/wp-content\/uploads\/2021\/04\/content.png);\"><\/div>\r\n            <div class=\"auto-container\">\r\n                <div class=\"sec-title text-center light\">\r\n                    <h2>\u010cO PRE V\u00c1S VIEME UROBI\u0164?<\/h2>\r\n                    <div class=\"text-decoration\">\r\n                        <span class=\"left\"><\/span>\r\n                        <span class=\"right\"><\/span>\r\n                    <\/div>\r\n                <\/div>\r\n                <div class=\"wrapper-box\">\r\n                    <ul class=\"timeline-block\">\r\n                                                <li>\r\n                            <div class=\"shape\"><img decoding=\"async\" src=\"https:\/\/www.adlervia.com\/wp-content\/themes\/envolve%20-%20wordpress%20te%CC%81ma\/assets\/images\/shape\/shape-21.png\" alt=\"\"><\/div>\r\n                            <div class=\"date\"><\/div>\r\n                            <h4>SPR\u00c1VA SOCI\u00c1LNYCH SIET\u00cd<\/h4>\r\n                            <div class=\"text\"> Ak v\u00e1s vezmeme na palubu, najsk\u00f4r v\u00e1s vyspoved\u00e1me a priprav\u00edme obsahov\u00fa a komunika\u010dn\u00fa strat\u00e9giu. Siete nerob\u00edme len preto, aby boli nie\u010d\u00edm zaplnen\u00e9. Musia ma\u0165 funkciu a prin\u00e1\u0161a\u0165 v\u00fdsledky. Potom v\u00e1m pravidelne budeme chysta\u0165 p\u00fatav\u00e9 a funk\u010dn\u00e9 texty, grafiku, fotky, vide\u00e1, carousely, stories, reels a mnoho \u010fal\u0161ieho. Vo funk\u010dnom form\u00e1te rozpovieme v\u00e1\u0161 pr\u00edbeh tak, aby \u013eud\u00ed bavil a aby sa na v\u00e1\u0161 obsah te\u0161ili. <\/div>\r\n                            <div class=\"link\"><a href=\"https:\/\/www.adlervia.com\/index.php\/social-media-managment\/\" class=\"theme-btn\"><i class=\"flaticon-right\"><\/i><\/a><\/div>\r\n                        <\/li>\r\n                                                <li>\r\n                            <div class=\"shape\"><img decoding=\"async\" src=\"https:\/\/www.adlervia.com\/wp-content\/themes\/envolve%20-%20wordpress%20te%CC%81ma\/assets\/images\/shape\/shape-21.png\" alt=\"\"><\/div>\r\n                            <div class=\"date\"><\/div>\r\n                            <h4>CONTENT MARKETING<\/h4>\r\n                            <div class=\"text\"> Komplexn\u00fd obsahov\u00fd marketing nemus\u00ed by\u0165 len o soci\u00e1lnych sie\u0165ach. Priprav\u00edme pre v\u00e1s aj p\u00fatav\u00e9 blogov\u00e9 \u010dl\u00e1nky, podcasty, obsah pre m\u00e9di\u00e1, \u010di hoci aj knihu. Nosi\u010d pr\u00edbehu firmy m\u00f4\u017ee ma\u0165 r\u00f4zne podoby, popustite spolu s nami uzdu fant\u00e1zii. Spolupr\u00e1cu za\u010dneme d\u00f4kladnou anal\u00fdzou a idea makingom, po\u010das ktor\u00e9ho vymysl\u00edme, v akej forme vieme rozpoveda\u0165 v\u00e1\u0161 pr\u00edbeh. Priprav\u00edme v\u00e1m aj redak\u010dn\u00fd kalend\u00e1r a nau\u010d\u00edme v\u00e1s, ako obsah zdie\u013ea\u0165 a vyhodnocova\u0165.   <\/div>\r\n                            <div class=\"link\"><a href=\"https:\/\/www.adlervia.com\/index.php\/content-marketing\/\" class=\"theme-btn\"><i class=\"flaticon-right\"><\/i><\/a><\/div>\r\n                        <\/li>\r\n                                                <li>\r\n                            <div class=\"shape\"><img decoding=\"async\" src=\"https:\/\/www.adlervia.com\/wp-content\/themes\/envolve%20-%20wordpress%20te%CC%81ma\/assets\/images\/shape\/shape-21.png\" alt=\"Awesome Image\"><\/div>\r\n                            <div class=\"link\"><a href=\"https:\/\/www.adlervia.com\/index.php\/o-agenture\/\" class=\"read-more-btn\">BUDETE V DOBR\u00ddCH RUK\u00c1CH<i class=\"flaticon-right\"><\/i><\/a><\/div>\r\n                        <\/li>\r\n                    <\/ul>\r\n                <\/div>                \r\n            <\/div>\r\n        <\/section>\r\n        \r\n\t\t\t\t<\/div>\n\t\t\t\t<\/div>\n\t\t\t\t\t<\/div>\n\t\t<\/div>\n\t\t\t\t\t\t\t<\/div>\n\t\t<\/section>\n\t\t\t\t<section class=\"elementor-section elementor-top-section elementor-element elementor-element-dd7f85f elementor-section-boxed elementor-section-height-default elementor-section-height-default\" data-id=\"dd7f85f\" data-element_type=\"section\">\n\t\t\t\t\t\t<div class=\"elementor-container elementor-column-gap-default\">\n\t\t\t\t\t<div class=\"elementor-column elementor-col-100 elementor-top-column elementor-element elementor-element-e62b4f2\" data-id=\"e62b4f2\" data-element_type=\"column\">\n\t\t\t<div class=\"elementor-widget-wrap elementor-element-populated\">\n\t\t\t\t\t\t\t\t<div class=\"elementor-element elementor-element-d933df5 elementor-widget elementor-widget-envolve_funfacts_v2\" data-id=\"d933df5\" data-element_type=\"widget\" data-widget_type=\"envolve_funfacts_v2.default\">\n\t\t\t\t<div class=\"elementor-widget-container\">\n\t\t\t        \r\n        <!-- Funfacts Section Two -->\r\n        <section class=\"funfacts-section-two \" style=\"background-image: url(https:\/\/www.adlervia.com\/wp-content\/uploads\/2021\/03\/3-1.png);\">\r\n            <div class=\"auto-container\">\r\n                <!-- Fact Counter -->\r\n                <div class=\"fact-counter-two\">\r\n                    <div class=\"row\">\r\n                                                <!--Column-->\r\n                        <div class=\"column counter-column col-lg-4\">\r\n                            <div class=\"inner wow fadeInLeft\" data-wow-delay=\"0ms\" data-wow-duration=\"1500ms\">\r\n                                <div class=\"icon-box\">\r\n                                    <div class=\"icon\"><span class=\"fa fa-chalkboard-teacher\"><\/span><\/div>\r\n                                <\/div>\r\n                                <div class=\"content\">\r\n                                    <div class=\"counter-title\">SOCIALS<\/div>\r\n                                    <div class=\"count-outer count-box\">\r\n                                        <span class=\"count-text\" data-speed=\"3000\" data-stop=\"5\">0<\/span><span>+<\/span>\r\n                                    <\/div>\r\n                                    <div class=\"text\">r\u00f4znych siet\u00ed<\/div>\r\n                                    <p><\/p>\r\n                                <\/div>\r\n                            <\/div>\r\n                        <\/div>\r\n                        <!--Column-->\r\n                                                <!--Column-->\r\n                        <div class=\"column counter-column col-lg-4\">\r\n                            <div class=\"inner wow fadeInLeft\" data-wow-delay=\"0ms\" data-wow-duration=\"1500ms\">\r\n                                <div class=\"icon-box\">\r\n                                    <div class=\"icon\"><span class=\"fa fa-users\"><\/span><\/div>\r\n                                <\/div>\r\n                                <div class=\"content\">\r\n                                    <div class=\"counter-title\">KLIENTI<\/div>\r\n                                    <div class=\"count-outer count-box\">\r\n                                        <span class=\"count-text\" data-speed=\"3000\" data-stop=\"300\">0<\/span><span>+<\/span>\r\n                                    <\/div>\r\n                                    <div class=\"text\">spokojn\u00fdch klientov<\/div>\r\n                                    <p><\/p>\r\n                                <\/div>\r\n                            <\/div>\r\n                        <\/div>\r\n                        <!--Column-->\r\n                                                <!--Column-->\r\n                        <div class=\"column counter-column col-lg-4\">\r\n                            <div class=\"inner wow fadeInLeft\" data-wow-delay=\"0ms\" data-wow-duration=\"1500ms\">\r\n                                <div class=\"icon-box\">\r\n                                    <div class=\"icon\"><span class=\"fa fa-alarm-clock\"><\/span><\/div>\r\n                                <\/div>\r\n                                <div class=\"content\">\r\n                                    <div class=\"counter-title\">sk\u00fasenosti<\/div>\r\n                                    <div class=\"count-outer count-box\">\r\n                                        <span class=\"count-text\" data-speed=\"3000\" data-stop=\"10\">0<\/span><span>+<\/span>\r\n                                    <\/div>\r\n                                    <div class=\"text\">rokov praxe<\/div>\r\n                                    <p><\/p>\r\n                                <\/div>\r\n                            <\/div>\r\n                        <\/div>\r\n                        <!--Column-->\r\n                                         \r\n                    <\/div>\r\n                <\/div>\r\n            <\/div>\r\n        <\/section>\r\n        \r\n\t\t\t\t<\/div>\n\t\t\t\t<\/div>\n\t\t\t\t\t<\/div>\n\t\t<\/div>\n\t\t\t\t\t\t\t<\/div>\n\t\t<\/section>\n\t\t\t\t\t\t<\/div>\n\t\t\t\t\t<\/div>\n\t\t","protected":false},"excerpt":{"rendered":"<p>POTREBUJETE VYNIKN\u00da\u0164 V ONLINE PRIESTORE? Nechajte n\u00e1s rozpoveda\u0165 v\u00e1\u0161 pr\u00edbeh na soci\u00e1lnych sie\u0165ach. Vytvor\u00edme pre v\u00e1s obsah, ktor\u00fd nebude otravnou reklamou, ale emocion\u00e1lnym magnetom. Soci\u00e1lne siete inou formou 01 Instagram, Facebook, TikTok, \u010di LinkedIn. Pr\u00edbehov\u00e9 posty od n\u00e1s maj\u00fa vysok\u00fa zapojenos\u0165 publika. Obsahov\u00fd marketing v r\u00f4znych form\u00e1toch 02 Texty, grafika, vide\u00e1, alebo v\u0161etko spolu? Pr\u00edbehy [&hellip;]<\/p>\n","protected":false},"author":1,"featured_media":0,"parent":0,"menu_order":0,"comment_status":"closed","ping_status":"closed","template":"","meta":{"footnotes":""},"class_list":["post-108","page","type-page","status-publish","hentry"],"_links":{"self":[{"href":"https:\/\/www.adlervia.com\/index.php\/wp-json\/wp\/v2\/pages\/108","targetHints":{"allow":["GET"]}}],"collection":[{"href":"https:\/\/www.adlervia.com\/index.php\/wp-json\/wp\/v2\/pages"}],"about":[{"href":"https:\/\/www.adlervia.com\/index.php\/wp-json\/wp\/v2\/types\/page"}],"author":[{"embeddable":true,"href":"https:\/\/www.adlervia.com\/index.php\/wp-json\/wp\/v2\/users\/1"}],"replies":[{"embeddable":true,"href":"https:\/\/www.adlervia.com\/index.php\/wp-json\/wp\/v2\/comments?post=108"}],"version-history":[{"count":57,"href":"https:\/\/www.adlervia.com\/index.php\/wp-json\/wp\/v2\/pages\/108\/revisions"}],"predecessor-version":[{"id":1415,"href":"https:\/\/www.adlervia.com\/index.php\/wp-json\/wp\/v2\/pages\/108\/revisions\/1415"}],"wp:attachment":[{"href":"https:\/\/www.adlervia.com\/index.php\/wp-json\/wp\/v2\/media?parent=108"}],"curies":[{"name":"wp","href":"https:\/\/api.w.org\/{rel}","templated":true}]}}